19, 23, 503
List the prime factors of 1974395.
5, 394879
What are the prime factors of 430850?
2, 5, 7, 1231
List the prime factors of 2492.
2, 7, 89
List the prime factors of 4493357.
11, 31, 13177
List the prime factors of 1081645.
5, 216329
What are the prime factors of 572514?
2, 3, 95419
What are the prime factors of 1885808?
2, 43, 2741
List the prime factors of 366206.
2, 19, 23, 419
What are the prime factors of 595678?
2, 47, 6337
What are the prime factors of 62317?
101, 617
What are the prime factors of 464599?
79, 5881
What are the prime factors of 4332190?
2, 5, 19, 151
List the prime factors of 1462901.
11, 17, 7823
List the prime factors of 3481875.
3, 5, 619
What are the prime factors of 149461?
13, 11497
List the prime factors of 2584098.
2, 3, 11, 31, 421
What are the prime factors of 442055?
5, 88411
What are the prime factors of 3692447?
11, 103, 3259
List the prime factors of 15890073.
3, 31, 61, 2801
List the prime factors of 8666552.
2, 1083319
List the prime factors of 1013775.
3, 5, 7, 1931
List the prime factors of 289875.
3, 5, 773
What are the prime factors of 6657364?
2, 7, 237763
List the prime factors of 208179.
3, 23131
What are the prime factors of 16836859?
13, 367, 3529
List the prime factors of 4636598.
2, 383, 6053
List the prime factors of 203704.
2, 25463
List the prime factors of 523400.
2, 5, 2617
What are the prime factors of 75189?
3, 71, 353
List the prime factors of 10166267.
367, 27701
List the prime factors of 19391431.
19391431
List the prime factors of 728433.
3, 17, 23
What are the prime factors of 7542462?
2, 3, 1257077
What are the prime factors of 3005737?
7, 107, 4013
List the prime factors of 607794.
2, 3, 11, 9209
List the prime factors of 6158510.
2, 5, 227, 2713
List the prime factors of 18110116.
2, 19, 238291
List the prime factors of 5033566.
2, 2516783
What are the prime factors of 6868355?
5, 13, 105667
List the prime factors of 482523.
3, 160841
List the prime factors of 2544060.
2, 3, 5, 109, 389
List the prime factors of 1206493.
349, 3457
List the prime factors of 1304221.
1304221
What are the prime factors of 2313355?
5, 11, 42061
List the prime factors of 232465.
5, 19, 2447
List the prime factors of 330766.
2, 165383
What are the prime factors of 5309337?
3, 11, 349, 461
What are the prime factors of 196676?
2, 49169
List the prime factors of 6487185.
3, 5, 432479
List the prime factors of 16866413.
37, 455849
List the prime factors of 8089858.
2, 7, 17, 19, 1789
List the prime factors of 1145502.
2, 3, 2357
What are the prime factors of 154198?
2, 11, 43, 163
List the prime factors of 25868.
2, 29, 223
What are the prime factors of 280698?
2, 3, 11, 4253
List the prime factors of 329080.
2, 5, 19, 433
List the prime factors of 3685020.
2, 3, 5, 61417
What are the prime factors of 29377538?
2, 47, 312527
List the prime factors of 2201069.
13, 169313
What are the prime factors of 4805683?
4805683
List the prime factors of 277594.
2, 138797
List the prime factors of 58056.
2, 3, 41, 59
List the prime factors of 8273456.
2, 517091
List the prime factors of 10256082.
2, 3, 29, 58943
What are the prime factors of 36695576?
2, 4586947
What are the prime factors of 2251948?
2, 562987
List the prime factors of 3709575.
3, 5, 16487
What are the prime factors of 14906060?
2, 5, 13, 57331
List the prime factors of 4521812.
2, 877, 1289
List the prime factors of 57768.
2, 3, 29, 83
What are the prime factors of 3046190?
2, 5, 7, 43517
What are the prime factors of 2167645?
5, 37, 11717
List the prime factors of 5151936.
2, 3, 26833
What are the prime factors of 1120000?
2, 5, 7
List the prime factors of 1131840.
2, 3, 5, 131
What are the prime factors of 229376?
2, 7
List the prime factors of 673887.
3, 224629
What are the prime factors of 4643205?
3, 5, 7, 44221
What are the prime factors of 2905815?
3, 5, 11, 1601
What are the prime factors of 3801283?
3801283
List the prime factors of 2390315.
5, 478063
List the prime factors of 7821793.
7, 29, 53, 727
What are the prime factors of 473593?
23, 59, 349
List the prime factors of 307160.
2, 5, 7, 1097
List the prime factors of 964341.
3, 7, 15307
List the prime factors of 35572.
2, 8893
What are the prime factors of 9814763?
7, 17, 67, 1231
What are the prime factors of 742506?
2, 3, 47, 2633
What are the prime factors of 635073?
3, 211691
List the prime factors of 39430.
2, 5, 3943
What are the prime factors of 1438243?
19, 59, 1283
What are the prime factors of 2491553?
2491553
List the prime factors of 185327.
185327
List the prime factors of 244843.
244843
List the prime factors of 26241.
3, 8747
List the prime factors of 730083.
3, 397, 613
What are the prime factors of 346486?
2, 7, 24749
List the prime factors of 1221618.
2, 3, 97, 2099
What are the prime factors of 1857993?
3, 619331
List the prime factors of 18221821.
18221821
List the prime factors of 106676.
2, 26669
What are the prime factors of 58203?
3, 29, 223
List the prime factors of 11844071.
317, 37363
What are the prime factors of 15222173?
19, 211, 3797
List the prime factors of 404460.
2, 3, 5, 7, 107
What are the prime factors of 132507?
3, 14723
What are the prime factors of 1433159?
7, 13, 15749
List the prime factors of 6313384.
2, 7, 11, 37, 277
What are the prime factors of 3314178?
2, 3, 7, 29, 907
What are the prime factors of 1915758?
2, 3, 13, 2729
List the prime factors of 12551839.
73, 139, 1237
What are the prime factors of 1366147?
79, 17293
What are the prime factors of 850588?
2, 337, 631
What are the prime factors of 29204409?
3, 13, 748831
What are the prime factors of 1577996?
2, 7, 83, 97
What are the prime factors of 3175066?
2, 1587533
What are the prime factors of 96803?
7, 13829
List the prime factors of 1247060.
2, 5, 23, 2711
List the prime factors of 535177.
17, 31481
List the prime factors of 1106690.
2, 5, 13, 8513
List the prime factors of 5415.
3, 5, 19
What are the prime factors of 4601029?
4601029
List the prime factors of 2359256.
2, 79, 3733
What are the prime factors of 1663046?
2, 7, 11, 10799
What are the prime factors of 1357144?
2, 17, 587
What are the prime factors of 5291664?
2, 3, 7, 15749
What are the prime factors of 5851417?
11, 13, 17, 29, 83
List the prime factors of 2371853.
11, 257, 839
List the prime factors of 5939935.
5, 821, 1447
List the prime factors of 1403645.
5, 280729
List the prime factors of 998657.
11, 90787
What are the prime factors of 694618?
2, 53, 6553
What are the prime factors of 359047?
13, 71, 389
What are the prime factors of 27885771?
3, 31, 127, 787
List the prime factors of 147487.
147487
What are the prime factors of 21616521?
3, 7205507
What are the prime factors of 828408?
2, 3, 7, 4931
List the prime factors of 794415.
3, 5, 211, 251
What are the prime factors of 166407?
3, 55469
What are the prime factors of 10864659?
3, 13, 278581
List the prime factors of 240314.
2, 120157
List the prime factors of 165018.
2, 3, 7, 3929
List the prime factors of 35125683.
3, 83, 141067
What are the prime factors of 1487716?
2, 371929
What are the prime factors of 48264?
2, 3, 2011
What are the prime factors of 3018640?
2, 5, 97, 389
What are the prime factors of 339609?
3, 17, 6659
What are the prime factors of 7369031?
37, 277, 719
What are the prime factors of 2178174?
2, 3, 73, 4973
What are the prime factors of 207691?
11, 79, 239
What are the prime factors of 2949183?
3, 109229
List the prime factors of 488187.
3, 7, 41
List the prime factors of 29433.
3, 9811
What are the prime factors of 5052921?
3, 1684307
What are the prime factors of 203484?
2, 3, 31, 547
What are the prime factors of 7346528?
2, 7, 32797
What are the prime factors of 4664467?
4664467
List the prime factors of 2689018.
2, 1344509
List the prime factors of 7148635.
5, 13, 71, 1549
What are the prime factors of 415336?
2, 193, 269
What are the prime factors of 117786?
2, 3, 67, 293
List the prime factors of 143498.
2, 157, 457
What are the prime factors of 7636926?
2, 3, 11, 251, 461
What are the prime factors of 260378?
2, 101, 1289
What are the prime factors of 6634978?
2, 7, 473927
What are the prime factors of 25946285?
5, 983, 5279
What are the prime factors of 17078014?
2, 47, 97, 1873
What are the prime factors of